49*n + 6743. Calculate j(138).
-19
Let c(w) = 1052267*w + 28411215. Give c(-27).
6
Let y(g) = -5*g**3 - 703*g**2 - 409*g + 1488. What is y(-140)?
-52
Let m(y) = 21*y**2 - 230*y - 884. Determine m(-4).
372
Let m(w) = -202*w**3 + 5860*w**2 - 41*w - 502. Give m(29).
-9
Let l(d) = -7*d**3 + 116*d**2 + 33*d - 47. What is l(17)?
-353
Let a(r) = -3064*r - 30577. What is a(-10)?
63
Let p(b) = 507*b**2 + 6144*b + 660. Give p(-12).
-60
Let x(h) = -22*h**2 - 6912*h - 6910. What is x(-1)?
-20
Let m(a) = -3*a**3 - 6*a**2 + 695*a + 3844. Determine m(-6).
106
Let l(z) = -34*z**3 + 4*z**2 - 50*z + 134. Give l(3).
-898
Let j(k) = -k**2 - 56*k + 356. Give j(-25).
1131
Let z(r) = 7*r**2 + 232*r + 2365. Calculate z(-34).
2569
Let g(v) = 189*v + 20167. What is g(-105)?
322
Let m(b) = b**2 + 33*b - 4678. Give m(-68).
-2298
Let u(d) = -1672*d + 15221. Give u(9).
173
Let g(j) = j**2 - 2283*j - 41343. Determine g(-18).
75
Let c(f) = -19*f**2 + 128*f + 7. Calculate c(0).
7
Let u(g) = 3*g**3 - 2359*g**2 + 781*g + 3933. What is u(786)?
3
Let t(l) = -15*l**2 + 343*l - 5. Give t(23).
-51
Let y(m) = 50843*m + 50717. What is y(-1)?
-126
Let r(n) = -2*n**3 + 769*n**2 - 1152*n + 1129. Calculate r(383).
-20
Let k(p) = -149*p**3 - 2*p**2 + 892*p - 893. What is k(1)?
-152
Let b(t) = t**2 - 17657*t + 2208911. Give b(126).
5
Let b(d) = d**3 + 248*d**2 + 13900*d - 5194. Give b(-162).
-10
Let d(x) = -2*x**3 - 271*x**2 - 7526*x - 41. Calculate d(-39).
-80
Let q(w) = -254*w - 7807. Calculate q(-32).
321
Let m(t) = 175*t + 4622. Calculate m(-28).
-278
Let b(z) = -3206*z**2 - 41675*z + 35. Give b(-13).
-4
Let y(a) = 667*a + 14237. What is y(-19)?
1564
Let n(l) = -3*l**2 + 1465*l + 7264. Calculate n(-5).
-136
Let c(z) = 6*z**2 + 98*z + 3645. Calculate c(-29).
5849
Let y(j) = -j**2 - j + 871. What is y(-31)?
-59
Let c(y) = 3*y**2 - 161*y - 3674. What is c(-17)?
-70
Let q(s) = -28393*s - 28010. What is q(-1)?
383
Let t(k) = -39*k**2 - 764*k - 351. What is t(-19)?
86
Let i(q) = 950*q**2 - 111144*q - 703. Calculate i(117).
-1
Let d(o) = -8*o**3 - 586*o**2 - 149*o - 148. Determine d(-73).
71
Let t(c) = -c**3 - 298*c**2 - 1601*c - 39856. What is t(-293)?
-8
Let k(z) = z**2 + 219*z + 11366. Determine k(-135).
26
Let m(r) = -r**3 + 40*r**2 + 1121*r - 62. Give m(59).
-62
Let n(h) = -5243*h - 870339. Give n(-166).
-1
Let l(g) = -7*g**3 + 284*g**2 + 2495*g - 120. What is l(48)?
-168
Let f(p) = -4*p**2 + 4483*p + 49622. Determine f(-11).
-175
Let r(n) = 810*n**2 - 224*n + 225. Give r(1).
811
Let p(u) = u**2 - 1611132*u - 4. Determine p(0).
-4
Let q(b) = 2*b**2 + 127*b - 376. What is q(-66)?
-46
Let g(n) = -15*n**3 - 1636*n**2 - 122*n - 1432. Calculate g(-109).
-15
Let r(c) = -115*c - 7286. Calculate r(-66).
304
Let l(r) = -146*r**2 - 2179*r + 168. What is l(-15)?
3
Let l(g) = -g**3 - 27*g**2 - 197*g - 3009. Give l(-24).
-9
Let n(a) = 5*a**3 + 125*a**2 + 103*a + 10. Determine n(-24).
418
Let j(v) = v**3 - 14*v**2 - 308*v - 103. What is j(-12)?
-151
Let s(z) = -466*z**2 - 2113*z - 4. Calculate s(-4).
992
Let m(o) = -o**2 + 5284*o - 95069. What is m(18)?
-281
Let k(t) = -18*t**3 + 303*t**2 - 21*t + 1218. Determine k(17).
-6
Let a(y) = -y**2 - 195*y - 5614. What is a(-131)?
2770
Let k(n) = 55939*n - 223659. Give k(4).
97
Let p(o) = 7*o**2 + 137*o + 510. What is p(-11)?
-150
Let h(r) = 6*r**2 - 5671*r - 10429. Calculate h(947).
-12
Let m(j) = j**3 - 610*j**2 - 484*j - 830622. What is m(613)?
-7
Let u(x) = -8502*x - 4276511. Give u(-503).
-5
Let g(a) = 30*a + 2419. Determine g(-106).
-761
Let o(b) = -b**3 - 34*b**2 + 343*b - 4. What is o(8)?
52
Let q(n) = 2*n**3 - 42*n**2 - 1998*n + 43219. Determine q(22).
231
Let q(d) = -121498*d + 121502. Calculate q(1).
4
Let y(r) = -2145*r + 2239. Determine y(1).
94
Let v(j) = j**2 - 5245*j + 1366707. Determine v(275).
-43
Let j(d) = -44*d**2 + 2109*d + 143. Calculate j(48).
-1
Let s(m) = -233317*m - 5132979. Determine s(-22).
-5
Let o(t) = -13*t**2 + 70*t - 59. Calculate o(1).
-2
Let s(j) = 333*j + 14273. What is s(-41)?
620
Let x(n) = 2*n**3 - 12*n**2 - 310*n - 1203. Calculate x(-5).
-203
Let a(u) = u**2 - 3570*u + 272356. Determine a(78).
-20
Let v(k) = 2*k**2 + 1954*k - 185123. Determine v(87).
13
Let g(y) = y**3 - 42*y**2 + 371*y + 51. What is g(13)?
-27
Let t(s) = -5141*s + 354487. Calculate t(69).
-242
Let l(p) = p**2 - 2097*p + 54675. Determine l(26).
829
Let c(u) = -3*u**3 - 153*u**2 + 153*u - 165. Determine c(-52).
-9
Let b(t) = 6*t**2 + 313*t + 719. Calculate b(-51).
362
Let y(l) = 17*l**2 + 1808*l - 1181. Calculate y(-107).
-4
Let y(c) = 4*c**3 - 1277*c**2 + 327*c - 2280. Determine y(319).
272
Let j(g) = -861*g - 133450. Give j(-155).
5
Let q(u) = -4*u**3 - 231*u**2 + 98*u + 376. Determine q(-58).
-1944
Let z(u) = 32*u**3 + 38*u**2 + 16*u + 12. Give z(-1).
2
Let u(i) = -16*i**2 - 147*i + 4. Give u(-6).
310
Let u(a) = 490*a - 82684. Determine u(169).
126
Let t(y) = 2*y**3 + y**2 + 127*y + 635. Give t(-5).
-225
Let t(m) = 840*m - 277189. What is t(330)?
11
Let m(w) = -1470948*w - 8825690. Determine m(-6).
-2
Let o(l) = 2*l**3 + 755*l**2 - 183*l + 73684. Calculate o(-378).
-26
Let p(v) = -2*v**3 - 42*v**2 - 7*v - 36. What is p(-22)?
1086
Let l(o) = -o**3 - 136*o**2 - 21*o - 2835. Give l(-136).
21
Let z(y) = 3*y**2 + 457*y + 10828. Determine z(-123).
4
Let z(i) = -916*i + 36664. Determine z(40).
24
Let s(k) = 52310*k - 2877050. What is s(55)?
0
Let x(k) = k**2 - 103863*k - 519310. Determine x(-5).
30
Let z(y) = 104*y**2 + 2190*y + 149. Determine z(-21).
23
Let x(t) = -2*t**3 - 472*t**2 - 7842*t + 1126. Give x(-218).
-182
Let r(f) = 2*f**3 - 66*f**2 - 11776*f - 386. What is r(95)?
-6
Let r(j) = -j**3 + 61*j**2 - 178*j + 231. Calculate r(58).
-1
Let j(v) = 449505*v + 5394093. Determine j(-12).
33
Let k(c) = c**3 + 38*c**2 + 3356*c + 101324. Calculate k(-32).
76
Let g(f) = 2*f**3 + 3186*f**2 + 791563*f + 917. Calculate g(-308).
-7
Let j(k) = 276*k - 25931. What is j(95)?
289
Let h(t) = -t**3 + 111*t**2 - 577*t - 60486. Determine h(99).
3
Let l(a) = 2*a**2 - 84*a + 274. Calculate l(53).
1440
Let d(s) = -2*s**3 - 11*s**2 + 10*s - 467. Determine d(-17).
6010
Let t(q) = -q**3 - 19*q**2 + 79. Determine t(-17).
-499
Let k(w) = -3*w**3 - 585*w**2 - 15*w - 2893. Give k(-195).
32
Let t(s) = 18643*s + 149438. Calculate t(-8).
294
Let f(j) = j**2 - 32511*j + 13414892. Give f(418).
18
Let o(p) = -p**3 + 12*p**2 + 200*p + 98. Calculate o(-9).
-1
Let a(o) = -o**2 - 1590*o + 3186. Give a(2).
2
Let m(d) = 1782*d - 771609. Determine m(433).
-3
Let b(x) = 2*x**2 + 265*x - 6466. Give b(21).
-19
Let o(y) = -14902*y + 1415703. Give o(95).
13
Let v(g) = 762*g**3 - 2334*g**2 + 8*g - 25. Give v(3).
-433
Let i(f) = -9110*f - 264213. Calculate i(-29).
-23
Let u(r) = r**3 + 9*r**2 - 53*r - 279. What is u(-11)?
62
Let a(z) = -4*z**3 + 196*z**2 + 38*z - 1866. Give a(49).
-4
Let m(k) = 378*k**2 + 318*k - 941. Determine m(3).
3415
Let f(t) = 9*t**2 - 820*t - 782. Determine f(92).
-46
Let a(p) = p**3 - 176*p**2 - 1871*p - 122. Determine a(-10).
-12
Let x(h) = -h**3 - 92*h**2 + 26*h + 18207. Determine x(-90).
-333
Let q(i) = -i**2 - 5289*i - 437120. Determine q(-84).
100
Let k(w) = w**3 + 262*w**2 + 17027*w + 1432. What is k(-143)?
2
Let d(x) = x**3 + 87*x**2 - 552*x - 132. Determine d(6).
-96
Let b(m) = -10*m**3 - 528*m**2 + 1211*m + 52. Give b(-55).
-3
Let v(r) = -68*r**2 - 699*r + 4303. Determine v(6).
-2339
Let l(n) = n**3 - 36*n**2 + 261*n - 150. Give l(9).
12
Let n(t) = t**3 - 2*t**2 - 6*t - 127. Give n(0).
-127
Let k(u) = 3096*u + 24756. Give k(-8).
-12
Let u(m) = -33*m - 2047. Determine u(-68).
197
Let r(j) = -3458*j - 2002186. Give r(-579).
-4
Let a(z) = z**2 + 920*z + 44315. Determine a(-51).
-4
Let k(z) = 8086*z + 40514. Determine k(-5).
84
Let h(f) = -2*f**2 + 614*f - 13195. What is h(23)?
-131
Let x(v) = 484*v - 69463. What is x(144)?
233
Let r(z) = z**3 + 40*z**2 + 157*z - 616. What is r(-35)?
14
Let z(q) = 45319*q + 1858104. Give z(-41).
25
Let y(s) = -2*s**3 + 703*s**2 + 9727*s + 46733. What is y(365)?
13
Let k(a) = -6875*a - 11405650. Determine k(-1659).
-25
Let b(u) = -107*u + 20194. Determine b(189).
-29
Let s(b) = b**2 + 60*b + 622. What is s(-43)?
-109
Let z(q) = 1568*q + 34704. Calculate z(-23).
-1360
Let t(c) = -3*c**2 + 1509*c - 1511. What is t(1)?
-5
Let u(r) = -r**2